{"id":12486,"date":"2026-02-23T10:39:32","date_gmt":"2026-02-23T09:39:32","guid":{"rendered":"https:\/\/new-vintages.de\/shop\/produkt\/mini-chestnut-bedside\/"},"modified":"2026-02-23T11:57:09","modified_gmt":"2026-02-23T10:57:09","slug":"mini-chestnut-bedside","status":"publish","type":"product","link":"https:\/\/new-vintages.de\/shop\/produkt\/mini-chestnut-bedside\/","title":{"rendered":"Mini-Nachttisch in Kastanienbraun"},"content":{"rendered":"<p>Dieser wundersch\u00f6n gestaltete Nachttisch ist aus 100 % massivem Mangoholz gefertigt und hat eine kastanienbraune Oberfl\u00e4che. Er bietet praktischen Stauraum mit einer Schublade und einem Ablagefach sowie eine ausreichend gro\u00dfe Tischplatte f\u00fcr Dekorationen. Weitere Merkmale sind die vier Beine im nordischen Holzstil, die ihm einen nordisch-modernen Look verleihen und ihn in die meisten Wohnungen passen lassen.<\/p>\n","protected":false},"excerpt":{"rendered":"<p>Dieser wundersch\u00f6n gestaltete Nachttisch ist aus 100 % massivem Mangoholz gefertigt und hat eine kastanienbraune Oberfl\u00e4che. Er bietet praktischen Stauraum mit einer Schublade und einem Ablagefach sowie eine ausreichend gro\u00dfe Tischplatte f\u00fcr Dekorationen. Weitere Merkmale sind die vier Beine im nordischen Holzstil, die ihm einen nordisch-modernen Look verleihen und ihn in die meisten Wohnungen passen [&hellip;]<\/p>\n","protected":false},"featured_media":10481,"comment_status":"closed","ping_status":"open","template":"","meta":[],"product_brand":[],"product_cat":[151],"product_tag":[],"class_list":{"0":"post-12486","1":"product","2":"type-product","3":"status-publish","4":"has-post-thumbnail","6":"product_cat-einzelanfertigung","8":"first","9":"instock","10":"shipping-taxable","11":"purchasable","12":"product-type-simple"},"_links":{"self":[{"href":"https:\/\/new-vintages.de\/shop\/wp-json\/wp\/v2\/product\/12486","targetHints":{"allow":["GET"]}}],"collection":[{"href":"https:\/\/new-vintages.de\/shop\/wp-json\/wp\/v2\/product"}],"about":[{"href":"https:\/\/new-vintages.de\/shop\/wp-json\/wp\/v2\/types\/product"}],"replies":[{"embeddable":true,"href":"https:\/\/new-vintages.de\/shop\/wp-json\/wp\/v2\/comments?post=12486"}],"wp:featuredmedia":[{"embeddable":true,"href":"https:\/\/new-vintages.de\/shop\/wp-json\/wp\/v2\/media\/10481"}],"wp:attachment":[{"href":"https:\/\/new-vintages.de\/shop\/wp-json\/wp\/v2\/media?parent=12486"}],"wp:term":[{"taxonomy":"product_brand","embeddable":true,"href":"https:\/\/new-vintages.de\/shop\/wp-json\/wp\/v2\/product_brand?post=12486"},{"taxonomy":"product_cat","embeddable":true,"href":"https:\/\/new-vintages.de\/shop\/wp-json\/wp\/v2\/product_cat?post=12486"},{"taxonomy":"product_tag","embeddable":true,"href":"https:\/\/new-vintages.de\/shop\/wp-json\/wp\/v2\/product_tag?post=12486"}],"curies":[{"name":"wp","href":"https:\/\/api.w.org\/{rel}","templated":true}]}}