{"id":12501,"date":"2026-02-23T10:40:31","date_gmt":"2026-02-23T09:40:31","guid":{"rendered":"https:\/\/new-vintages.de\/shop\/produkt\/classic-oak-ish-bedside\/"},"modified":"2026-02-23T11:57:29","modified_gmt":"2026-02-23T10:57:29","slug":"classic-oak-ish-bedside","status":"publish","type":"product","link":"https:\/\/new-vintages.de\/shop\/produkt\/classic-oak-ish-bedside\/","title":{"rendered":"Klassischer Nachttisch in Eichenoptik"},"content":{"rendered":"<p>Mit unserem klassischen Nachttisch in Eichenoptik vereinen Sie m\u00fchelos Mid-Century- und Art-d\u00e9co-Stil. Er ist aus 100 % massivem Mangoholz gefertigt und besticht durch sein elegantes Design mit gl\u00e4nzenden Messingkn\u00f6pfen und Beinen im nordischen Stil. Das perfekte M\u00f6belst\u00fcck, um es einzeln zu verwenden oder mit anderen M\u00f6belstilen und -oberfl\u00e4chen zu kombinieren.<\/p>\n","protected":false},"excerpt":{"rendered":"<p>Mit unserem klassischen Nachttisch in Eichenoptik vereinen Sie m\u00fchelos Mid-Century- und Art-d\u00e9co-Stil. Er ist aus 100 % massivem Mangoholz gefertigt und besticht durch sein elegantes Design mit gl\u00e4nzenden Messingkn\u00f6pfen und Beinen im nordischen Stil. Das perfekte M\u00f6belst\u00fcck, um es einzeln zu verwenden oder mit anderen M\u00f6belstilen und -oberfl\u00e4chen zu kombinieren.<\/p>\n","protected":false},"featured_media":10574,"comment_status":"closed","ping_status":"open","template":"","meta":[],"product_brand":[],"product_cat":[151],"product_tag":[],"class_list":{"0":"post-12501","1":"product","2":"type-product","3":"status-publish","4":"has-post-thumbnail","6":"product_cat-einzelanfertigung","8":"first","9":"instock","10":"shipping-taxable","11":"purchasable","12":"product-type-simple"},"_links":{"self":[{"href":"https:\/\/new-vintages.de\/shop\/wp-json\/wp\/v2\/product\/12501","targetHints":{"allow":["GET"]}}],"collection":[{"href":"https:\/\/new-vintages.de\/shop\/wp-json\/wp\/v2\/product"}],"about":[{"href":"https:\/\/new-vintages.de\/shop\/wp-json\/wp\/v2\/types\/product"}],"replies":[{"embeddable":true,"href":"https:\/\/new-vintages.de\/shop\/wp-json\/wp\/v2\/comments?post=12501"}],"wp:featuredmedia":[{"embeddable":true,"href":"https:\/\/new-vintages.de\/shop\/wp-json\/wp\/v2\/media\/10574"}],"wp:attachment":[{"href":"https:\/\/new-vintages.de\/shop\/wp-json\/wp\/v2\/media?parent=12501"}],"wp:term":[{"taxonomy":"product_brand","embeddable":true,"href":"https:\/\/new-vintages.de\/shop\/wp-json\/wp\/v2\/product_brand?post=12501"},{"taxonomy":"product_cat","embeddable":true,"href":"https:\/\/new-vintages.de\/shop\/wp-json\/wp\/v2\/product_cat?post=12501"},{"taxonomy":"product_tag","embeddable":true,"href":"https:\/\/new-vintages.de\/shop\/wp-json\/wp\/v2\/product_tag?post=12501"}],"curies":[{"name":"wp","href":"https:\/\/api.w.org\/{rel}","templated":true}]}}