{"id":12525,"date":"2026-02-23T10:40:44","date_gmt":"2026-02-23T09:40:44","guid":{"rendered":"https:\/\/new-vintages.de\/shop\/produkt\/mini-albion-oak-ish-console\/"},"modified":"2026-02-23T11:57:34","modified_gmt":"2026-02-23T10:57:34","slug":"mini-albion-oak-ish-console","status":"publish","type":"product","link":"https:\/\/new-vintages.de\/shop\/produkt\/mini-albion-oak-ish-console\/","title":{"rendered":"Mini Albion Oak-ish Konsole"},"content":{"rendered":"<p>Dieser schlichte Konsolentisch ist aus 100 % massivem Mangoholz gefertigt und mit einer edlen Eichenoptik versehen. Er verf\u00fcgt \u00fcber eine kleine Schublade f\u00fcr den praktischen Nachttisch und vier Beine im skandinavischen Stil, die Ihrem Zuhause einen modernen Touch verleihen. Dank seiner kompakten Gr\u00f6\u00dfe passt er in jede Wohnumgebung. Dieses Produkt ist Teil der Recession Collection.<\/p>\n","protected":false},"excerpt":{"rendered":"<p>Dieser schlichte Konsolentisch ist aus 100 % massivem Mangoholz gefertigt und mit einer edlen Eichenoptik versehen. Er verf\u00fcgt \u00fcber eine kleine Schublade f\u00fcr den praktischen Nachttisch und vier Beine im skandinavischen Stil, die Ihrem Zuhause einen modernen Touch verleihen. Dank seiner kompakten Gr\u00f6\u00dfe passt er in jede Wohnumgebung. Dieses Produkt ist Teil der Recession Collection.<\/p>\n","protected":false},"featured_media":10737,"comment_status":"closed","ping_status":"open","template":"","meta":[],"product_brand":[],"product_cat":[151],"product_tag":[],"class_list":{"0":"post-12525","1":"product","2":"type-product","3":"status-publish","4":"has-post-thumbnail","6":"product_cat-einzelanfertigung","8":"first","9":"instock","10":"shipping-taxable","11":"purchasable","12":"product-type-simple"},"_links":{"self":[{"href":"https:\/\/new-vintages.de\/shop\/wp-json\/wp\/v2\/product\/12525","targetHints":{"allow":["GET"]}}],"collection":[{"href":"https:\/\/new-vintages.de\/shop\/wp-json\/wp\/v2\/product"}],"about":[{"href":"https:\/\/new-vintages.de\/shop\/wp-json\/wp\/v2\/types\/product"}],"replies":[{"embeddable":true,"href":"https:\/\/new-vintages.de\/shop\/wp-json\/wp\/v2\/comments?post=12525"}],"wp:featuredmedia":[{"embeddable":true,"href":"https:\/\/new-vintages.de\/shop\/wp-json\/wp\/v2\/media\/10737"}],"wp:attachment":[{"href":"https:\/\/new-vintages.de\/shop\/wp-json\/wp\/v2\/media?parent=12525"}],"wp:term":[{"taxonomy":"product_brand","embeddable":true,"href":"https:\/\/new-vintages.de\/shop\/wp-json\/wp\/v2\/product_brand?post=12525"},{"taxonomy":"product_cat","embeddable":true,"href":"https:\/\/new-vintages.de\/shop\/wp-json\/wp\/v2\/product_cat?post=12525"},{"taxonomy":"product_tag","embeddable":true,"href":"https:\/\/new-vintages.de\/shop\/wp-json\/wp\/v2\/product_tag?post=12525"}],"curies":[{"name":"wp","href":"https:\/\/api.w.org\/{rel}","templated":true}]}}