{"id":12536,"date":"2026-02-23T10:41:07","date_gmt":"2026-02-23T09:41:07","guid":{"rendered":"https:\/\/new-vintages.de\/shop\/produkt\/2-drawer-curved-chestnut-chest\/"},"modified":"2026-02-23T11:57:52","modified_gmt":"2026-02-23T10:57:52","slug":"2-drawer-curved-chestnut-chest","status":"publish","type":"product","link":"https:\/\/new-vintages.de\/shop\/produkt\/2-drawer-curved-chestnut-chest\/","title":{"rendered":"Gebogene Kommode aus Kastanienholz mit 2 Schubladen"},"content":{"rendered":"<p>Passend zu den anderen Produkten der Curved-Kollektion ist diese Kommode mit 2 Schubladen aus 100 % massivem Mangoholz gefertigt, hat eine edle Kastanien-Oberfl\u00e4che und steht auf 4 Beinen im nordischen Stil. Jede Schublade ist mit gl\u00e4nzenden Akzentkn\u00f6pfen versehen, die einen einfachen Zugriff auf Kleidung, Handt\u00fccher, Bettdecken usw. erm\u00f6glichen. Das geschwungene Design sorgt f\u00fcr sanfte, sichere Kanten und verleiht der Kommode einen modernen und zeitgem\u00e4\u00dfen Look \u2013 perfekt f\u00fcr Stadtwohnungen und Apartments.<\/p>\n","protected":false},"excerpt":{"rendered":"<p>Passend zu den anderen Produkten der Curved-Kollektion ist diese Kommode mit 2 Schubladen aus 100 % massivem Mangoholz gefertigt, hat eine edle Kastanien-Oberfl\u00e4che und steht auf 4 Beinen im nordischen Stil. Jede Schublade ist mit gl\u00e4nzenden Akzentkn\u00f6pfen versehen, die einen einfachen Zugriff auf Kleidung, Handt\u00fccher, Bettdecken usw. erm\u00f6glichen. Das geschwungene Design sorgt f\u00fcr sanfte, sichere [&hellip;]<\/p>\n","protected":false},"featured_media":10813,"comment_status":"closed","ping_status":"open","template":"","meta":[],"product_brand":[],"product_cat":[151],"product_tag":[],"class_list":{"0":"post-12536","1":"product","2":"type-product","3":"status-publish","4":"has-post-thumbnail","6":"product_cat-einzelanfertigung","8":"first","9":"instock","10":"shipping-taxable","11":"purchasable","12":"product-type-simple"},"_links":{"self":[{"href":"https:\/\/new-vintages.de\/shop\/wp-json\/wp\/v2\/product\/12536","targetHints":{"allow":["GET"]}}],"collection":[{"href":"https:\/\/new-vintages.de\/shop\/wp-json\/wp\/v2\/product"}],"about":[{"href":"https:\/\/new-vintages.de\/shop\/wp-json\/wp\/v2\/types\/product"}],"replies":[{"embeddable":true,"href":"https:\/\/new-vintages.de\/shop\/wp-json\/wp\/v2\/comments?post=12536"}],"wp:featuredmedia":[{"embeddable":true,"href":"https:\/\/new-vintages.de\/shop\/wp-json\/wp\/v2\/media\/10813"}],"wp:attachment":[{"href":"https:\/\/new-vintages.de\/shop\/wp-json\/wp\/v2\/media?parent=12536"}],"wp:term":[{"taxonomy":"product_brand","embeddable":true,"href":"https:\/\/new-vintages.de\/shop\/wp-json\/wp\/v2\/product_brand?post=12536"},{"taxonomy":"product_cat","embeddable":true,"href":"https:\/\/new-vintages.de\/shop\/wp-json\/wp\/v2\/product_cat?post=12536"},{"taxonomy":"product_tag","embeddable":true,"href":"https:\/\/new-vintages.de\/shop\/wp-json\/wp\/v2\/product_tag?post=12536"}],"curies":[{"name":"wp","href":"https:\/\/api.w.org\/{rel}","templated":true}]}}